 Suppose p = 4*g - 120. What are the prime factors of g?
2, 17
Suppose 3*r - 10 = -2*f, -4*f + 27 = -5*r + 7. Suppose x + 2*x - 60 = r. List the prime factors of x.
2, 5
What are the prime factors of 8*(-5)/(-15)*(-1629)/(-4)?
2, 3, 181
Suppose 4105 = 3*h + 2*h + 2*m, 3*m = 5*h - 4130. What are the prime factors of h?
823
Let a(q) = 10*q**3 - 2*q + 1. Let g be a(1). Let u be -3*6/g - -2. Suppose u = 5*o - 19 - 16. What are the prime factors of o?
7
Let x(m) = -5*m**3 - m**2 - m. Let u = -40 + 37. List the prime factors of x(u).
3, 43
Suppose 2834 + 806 = 4*q. Suppose 20*v = 13*v + q. What are the prime factors of v?
2, 5, 13
Suppose c = -42 + 135. Let h be ((-4)/(-12))/((-1)/c). Let m = h - -67. What are the prime factors of m?
2, 3
Let z(d) = -5 - 2*d + d**2 + 4*d**2 - 8. What are the prime factors of z(6)?
5, 31
Let y(x) = -x**3 - x**2 + 1. Let o(k) = 10*k**3 + 2*k**2 + 3*k - 8. Let r(c) = -o(c) - 5*y(c). What are the prime factors of r(-3)?
2, 3, 29
What are the prime factors of ((-422)/(-5))/(88/80 - 1)?
2, 211
Suppose 2*y - y - 2 = 0. Suppose y*q - 1 + 11 = 0. List the prime factors of 1/q - 231/(-5).
2, 23
Suppose 8*v = 2*v - 426. Let x = v + 144. What are the prime factors of x?
73
Let s = -3746 + 6061. List the prime factors of s.
5, 463
What are the prime factors of 10*((-5736)/(-40) - -4 - -5)?
2, 3, 127
Suppose -7*n - 84 = -n. What are the prime factors of (-4)/(-14) + 3 + (-2572)/n?
11, 17
Let u = -17 - 9. Let x be -1 + 54/(-2 + 3). Let y = u + x. What are the prime factors of y?
3
Let u(q) = q**3 - 10*q - 4. Let i be u(-3). List the prime factors of 62 - (-2 + 0 + i + 3).
2, 31
Suppose 0 = 76*f - 71*f - 2200. List the prime factors of f.
2, 5, 11
Let m(h) be the first derivative of 53*h**6/360 + h**5/120 - h**4/24 - 4*h**3/3 + 3. Let f(n) be the third derivative of m(n). List the prime factors of f(1).
53
Suppose 2*u - 732 = 1222. List the prime factors of u.
977
List the prime factors of (6 + -46)/(-10) - -1123.
7, 23
Let o = 4 + -4. Suppose 2*h + 2 - 16 = o. Let q(k) = k**2 - 7*k + 6. List the prime factors of q(h).
2, 3
Suppose -2*b - 4*y - 184 = -724, 0 = -5*b + 5*y + 1350. What are the prime factors of b?
2, 3, 5
Suppose -3*j + 5020 + 7954 = -5*c, 2*c = -j + 4321. What are the prime factors of j?
3, 11, 131
Let z(s) = -s**3 - 3*s**2 - 5*s. Let u = 23 + -25. What are the prime factors of z(u)?
2, 3
List the prime factors of (-62)/341 - 9814/(-11).
2, 223
Suppose 1720 = 3*q + 2*u, 4*q - 3*u - 1205 - 1077 = 0. List the prime factors of q.
2, 11, 13
Suppose 0 = 5*o - 8*o + 3. Let w(k) = -27*k**2 - k + 1. Let r be w(o). What are the prime factors of 6/5*(-630)/r?
2, 7
Let j be 14 + -2*12/8. Suppose -j*u - 54 = -12*u. List the prime factors of u.
2, 3
Suppose 3*q - 2620 = -10*a + 5*a, 2*a = 4*q - 3476. What are the prime factors of q?
2, 3, 5, 29
Suppose 2964 = -163*x + 166*x. What are the prime factors of x?
2, 13, 19
Let z be 40/22 - (-6)/33. Suppose -3*g = -2*g - z. Suppose 4*v - 14 = g*k, -2*v - 2*k + 1 = -k. What are the prime factors of v?
2
Let n be -1 - -7 - (-3 + 5). Suppose -2*t = -t - n*j + 2, -2*j + 16 = t. Let a = 52 - t. What are the prime factors of a?
2, 3, 7
Let j be (-2 - -3)*-10 - -1. Suppose 10*i - 105 = 7*i. Let y = i - j. List the prime factors of y.
2, 11
Suppose 13*r = 10 + 16. Suppose 4*t - 275 = -4*d + 113, 0 = 3*t + r*d - 296. What are the prime factors of t?
2, 3, 17
Suppose -83 - 151 = -z. Suppose -16 = -5*m + z. What are the prime factors of m?
2, 5
Suppose 5*p = 3*f - 1603, -2*f = -2*p - 0*f - 642. Let i = p + 527. What are the prime factors of i?
3, 23
Let z(r) = -r**3 + 7*r**2 + 5*r + 9. Let g = 13 + -17. Let q be (-7)/(-2)*(g - -6). What are the prime factors of z(q)?
2, 11
Let a(n) be the second derivative of 10*n**3/3 - 5*n**2 + 4*n. What are the prime factors of a(5)?
2, 3, 5
Let c(o) be the third derivative of -o**6/120 + o**5/5 - o**4/4 + 3*o**3/2 + 24*o**2. List the prime factors of c(9).
2, 3, 11
What are the prime factors of 14 + -3 + -12 - 309*-5?
2, 193
Suppose 4*m = -x - 0*m + 9, -x + 5*m = 9. What are the prime factors of 14/(-2)*(x - 32)?
7, 31
List the prime factors of 50/15 + (-26)/(-39).
2
Let l(c) = -c**2 + c. Let r be l(1). Let f = r + 15. Suppose 0 = 3*g + f - 24. List the prime factors of g.
3
Suppose 3*z = 5*y + 1711, 0 = -3*z + 5*z - 3*y - 1142. What are the prime factors of z?
577
Let a(f) = 2*f - f - 2 + 3. Let i be a(4). Suppose 0*q + 69 = i*p + q, -q = -3*p + 35. List the prime factors of p.
13
List the prime factors of 13844/18 - (-4)/(-36).
769
Suppose g - 3659 = 1055. What are the prime factors of g?
2, 2357
Suppose 4*q - 5*b - 416 = -b, q - 110 = 3*b. Let g = -68 + q. Suppose -5*y + 4*y = -g. List the prime factors of y.
3, 11
Suppose 4*n = 330 - 18. List the prime factors of n - 1 - (-10 + 14).
73
Suppose 10*b = 7*b + 12. Suppose 3*v + 451 = 5*u, b*u + 5*v - 354 = 4*v. List the prime factors of u.
89
Let a(d) = -d**2 - 7*d + 10. Let y be -8 + -2 - 6/(-3). Let v be a(y). Suppose -v*z - 2*b + 4 = 0, 0 = 3*b + b + 16. What are the prime factors of z?
2, 3
Suppose -3*l - 123 = 48. Let i = l + 118. What are the prime factors of i?
61
Let t(n) be the second derivative of 2*n**3/3 + 17*n**2/2 + 2*n. List the prime factors of t(8).
7
Suppose 5*m + 3*t = 10070, -485 = -m - t + 1531. What are the prime factors of m?
2011
Let i(n) = -40*n - 15. List the prime factors of i(-11).
5, 17
List the prime factors of 1/1 + 1116 + 35.
2, 3
Let f = 612 - 220. What are the prime factors of f?
2, 7
Let v = -81 + 85. Suppose v*h = 2*h + 384. What are the prime factors of h?
2, 3
Let g be 619/9 - 12/(-54). Suppose -r + 2*r + 2*m = g, r - 66 = -5*m. List the prime factors of r.
71
Let v = 760 - 408. List the prime factors of v.
2, 11
Let d be (-1 + 4)/(18/24). Suppose -3*b + 10 = -c, -d*c + 15 = -2*b + b. Suppose 0*a + 4*a = -3*p + 109, b*a - p - 141 = 0. What are the prime factors of a?
2, 7
Let x be (-6)/8 + 228/48. What are the prime factors of (-27)/(-36) - (-245)/x?
2, 31
List the prime factors of (-16)/4 + (-938)/(-7).
2, 5, 13
Let q(s) = -2*s + 7. Let r be q(3). Suppose r = t - 3. Suppose -t*w + 2*n + 10 = -212, -2*w = -5*n - 91. List the prime factors of w.
2, 29
Let g(i) = -3*i + 10. Let n be g(-6). Let x be n/6 + 28/(-42). Suppose 0 = x*r - 44 - 56. What are the prime factors of r?
5
Suppose -2*h - 36 = -4*b + 2*h, -11 = b + 4*h. Suppose -2*r - 2*p = -13 - 11, 2*r - 3*p - 19 = 0. Suppose -111 = -b*t - r. What are the prime factors of t?
2, 5
What are the prime factors of (39 - (-9)/(-3))/(8/180)?
2, 3, 5
Suppose -2*w + 12 = t, -2*w + 0*w + 24 = -2*t. Let x = w - -59. What are the prime factors of x?
67
Let j(g) = g**3 + 22*g**2 + 31*g - 28. What are the prime factors of j(-16)?
2, 11, 23
Let a(f) = -5*f**3 + 2*f**2 - f + 2. List the prime factors of a(-6).
2, 5, 29
Suppose 62*f = 10*f + 86216. What are the prime factors of f?
2, 829
Let j = 1689 - 802. List the prime factors of j.
887
Suppose 4*r + 1 = 9. Let j be 3/r - 5/(-2). Suppose -j - 19 = -q. What are the prime factors of q?
23
Suppose -6*w + w + 1022 = -4*s, 4*s + 12 = 0. List the prime factors of w.
2, 101
Let j = 12241 + -8537. What are the prime factors of j?
2, 463
Suppose -3449 = -4*m - t, 0 = 2*m + t + 4*t - 1729. What are the prime factors of m?
2, 431
Suppose 0 = 5*y - 2*y + 597. Let d = y - -306. List the prime factors of d.
107
Let k = 611 + 117. What are the prime factors of k?
2, 7, 13
Suppose -50*f + 25623 = 23*f. What are the prime factors of f?
3, 13
Let i be 91/(-35) - (-4)/(-10). What are the prime factors of (-8)/i*((-237)/(-4) + -3)?
2, 3, 5
Let b(q) = -q**3 + 15*q**2 + 16*q + 22. Let y(p) = -p**2 - p + 8. Let o be y(-6). Let n = o + 38. What are the prime factors of b(n)?
2, 11
Suppose -2*s - 3*q + 12 = -0*s, -s + 5*q = 20. Suppose 3*c - 7 - 281 = s. List the prime factors of c.
2, 3
Suppose 0 = -g - 3*d + 39, d - 231 = -5*g - 2*d. Let q = -39 + g. List the prime factors of q.
3
Let n(f) be the third derivative of f**5/30 - 3*f**4/8 + f**3 - 22*f**2. What are the prime factors of n(-6)?
2, 3, 11
Suppose 3*h = 2*n - 187, -2 = -h + 3*n - 76. Let k = 69 + h. What are the prime factors of k?
2, 5
Let f = 132 + 206. List the prime factors of f.
2, 13
Let d = 8 - 5. Let g be 0/3*(-1)/d. Suppose j - 59 = -v 